t of 12291056?
9
What is the hundred thousands digit of 1025490?
0
What is the ten thousands digit of 350313?
5
What is the hundred thousands digit of 24640292?
6
What is the ten thousands digit of 605334?
0
What is the ten millions digit of 23992024?
2
What is the hundreds digit of 186644?
6
What is the units digit of 7560469?
9
What is the thousands digit of 1008381?
8
What is the thousands digit of 25373059?
3
What is the units digit of 31932421?
1
What is the thousands digit of 54068?
4
What is the tens digit of 1237363?
6
What is the units digit of 170139?
9
What is the ten thousands digit of 1244413?
4
What is the units digit of 475816?
6
What is the units digit of 683008?
8
What is the thousands digit of 15262050?
2
What is the millions digit of 4004513?
4
What is the thousands digit of 235222?
5
What is the hundred thousands digit of 648453?
6
What is the ten thousands digit of 168625?
6
What is the hundreds digit of 402176?
1
What is the ten thousands digit of 431275?
3
What is the thousands digit of 3016787?
6
What is the units digit of 15730?
0
What is the thousands digit of 965222?
5
What is the tens digit of 6102359?
5
What is the thousands digit of 14357112?
7
What is the units digit of 460541?
1
What is the thousands digit of 2004248?
4
What is the tens digit of 343232?
3
What is the ten thousands digit of 348397?
4
What is the thousands digit of 10314130?
4
What is the ten thousands digit of 692910?
9
What is the ten millions digit of 20636040?
2
What is the hundreds digit of 7496096?
0
What is the hundreds digit of 2367377?
3
What is the hundred thousands digit of 9582871?
5
What is the tens digit of 3298228?
2
What is the units digit of 5919626?
6
What is the tens digit of 4320332?
3
What is the hundreds digit of 951286?
2
What is the thousands digit of 24348431?
8
What is the hundreds digit of 15256227?
2
What is the hundreds digit of 563410?
4
What is the ten millions digit of 11224244?
1
What is the units digit of 24406?
6
What is the hundreds digit of 232157?
1
What is the hundreds digit of 3058275?
2
What is the hundred thousands digit of 440645?
4
What is the tens digit of 2941067?
6
What is the hundreds digit of 316446?
4
What is the tens digit of 292251?
5
What is the units digit of 5568?
8
What is the units digit of 83168?
8
What is the hundreds digit of 244417?
4
What is the hundreds digit of 47260?
2
What is the units digit of 185341?
1
What is the units digit of 2844915?
5
What is the ten millions digit of 38516903?
3
What is the units digit of 2967224?
4
What is the ten millions digit of 14667419?
1
What is the units digit of 3408370?
0
What is the units digit of 30468064?
4
What is the tens digit of 2313565?
6
What is the tens digit of 256740?
4
What is the ten thousands digit of 3021409?
2
What is the thousands digit of 723055?
3
What is the tens digit of 3039408?
0
What is the ten thousands digit of 12934713?
3
What is the units digit of 60857?
7
What is the hundreds digit of 2980159?
1
What is the hundred thousands digit of 800718?
8
What is the thousands digit of 827602?
7
What is the tens digit of 196009?
0
What is the ten thousands digit of 925467?
2
What is the ten thousands digit of 4339998?
3
What is the tens digit of 23953852?
5
What is the tens digit of 107791?
9
What is the units digit of 14464549?
9
What is the hundreds digit of 242808?
8
What is the units digit of 5325317?
7
What is the millions digit of 6589562?
6
What is the hundred thousands digit of 167411?
1
What is the millions digit of 1357488?
1
What is the ten thousands digit of 44610?
4
What is the millions digit of 3127592?
3
What is the hundreds digit of 1384314?
3
What is the ten thousands digit of 176270?
7
What is the hundreds digit of 526832?
8
What is the tens digit of 3708354?
5
What is the hundreds digit of 10442047?
0
What is the hundred thousands digit of 253628?
2
What is the thousands digit of 544025?
4
What is the ten thousands digit of 8082497?
8
What is the ten thousands digit of 499453?
9
What is the hundred thousands digit of 1061251?
0
What is the ten thousands digit of 4453096?
5
What is the ten thousands digit of 162036?
6
What is the hundreds digit of 15844?
8
What is the ten thousands digit of 119477?
1
What is the hundred thousands digit of 15989230?
9
What is the millions digit of 1059552?
1
What is the units digit of 7238473?
3
What is the hundred thousands digit of 780375?
7
What is the hundreds digit of 31960293?
2
What is the ten thousands digit of 2654474?
5
What is the tens digit of 1036171?
7
What is the thousands digit of 13370058?
0
What is the tens digit of 38223710?
1
What is the units digit of 120565?
5
What is the units digit of 101526?
6
What is the units digit of 474400?
0
What is the ten thousands digit of 764431?
6
What is the millions digit of 3523381?
3
What is the hundreds digit of 42576?
5
What is the hundred thousands digit of 14012627?
0
What is the ten millions digit of 19174254?
1
What is the tens digit of 309697?
9
What is the units digit of 9237554?
4
What is the tens digit of 402270?
7
What is the hundreds digit of 960573?
5
What is the thousands digit of 156270?
6
What is the thousands digit of 10271183?
1
What is the tens digit of 402945?
4
What is the ten thousands digit of 488882?
8
What is the tens digit of 1680646?
4
What is the units digit of 271778?
8
What is the ten thousands digit of 3115408?
1
What is the units digit of 21188406?
6
What is the millions digit of 2376055?
2
What is the tens digit of 213224?
2
What is the units digit of 4957?
7
What is the units digit of 255995?
5
What is the units digit of 2517982?
2
What is the hundred thousands digit of 1218900?
2
What is the units digit of 4259576?
6
What is the hundreds digit of 8814848?
8
What is the hundreds digit of 948908?
9
What is the tens digit of 336688?
8
What is the ten thousands digit of 316314?
1
What is the thousands digit of 177331?
7
What is the millions digit of 2284725?
2
What is the ten thousands digit of 5277716?
7
What is the ten thousands digit of 7589912?
8
What is the tens digit of 559718?
1
What is the tens digit of 145286?
8
What is the ten thousands digit of 8751000?
5
What is the thousands digit of 1462666?
2
What is the tens digit of 335646?
4
What is the tens digit of 1760861?
6
What is the ten thousands digit of 110944?
1
What is the thousands digit of 300971?
0
What is the tens digit of 9969?
6
What is the hundred thousands digit of 1335660?
3
What is the thousands digit of 144050?
4
What is the ten thousands digit of 6020398?
2
What is the hundred thousands digit of 237628?
2
What is the hundreds digit of 7806955?
9
What is the thousands digit of 10464?
0
What is the units digit of 209482?
2
What is the tens digit of 7328523?
2
What is the units digit of 15464?
4
What is the millions digit of 3342567?
3
What is the units digit of 11079207?
7
What is the units digit of 27232252?
2
What is the hundreds digit of 391619?
6
What is the thousands digit of 12636125?
6
What is the hundred thousands digit of 593664?
5
What is the tens digit of 315503?
0
What is the thousands digit of 407746?
7
What is the tens digit of 42004?
0
What is the ten thousands digit of 277575?
7
What is the ten thousands digit of 1874180?
7
What is the units digit of 5109?
9
What is the hundred thousands digit of 1510177?
5
What is the tens digit of 29882381?
8
What is the units digit of 86038?
8
What is the tens digit of 832607?
0
What is the tens digit of 22426813?
1
What is the tens digit of 14938766?
6
What is the hundreds digit of 393985?
9
What is the ten thousands digit of 7406411?
0
What is the millions digit of 10878499?
0
What is the units digit of 20941?
1
What is the hundreds digit of 514483?
4
What is the tens digit of 20125919?
1
What is the tens digit of 39105?
0
What is the thousands digit of 2897692?
7
What is the ten thousands digit of 317571?
1
What is the hundreds digit of 457884?
8
What is the thousands digit of 5069493?
9
What is the hundreds digit of 960901?
9
What is the thousands digit of 312788?
2
What is the tens digit of 3291838?
3
What is the thousands digit of 619590?
9
What is the thousands digit of 17109640?
9
What is the units digit of 3112058?
8
What is the hundreds digit of 58140?
1
Wh